is divided by 16349.
2
Calculate the remainder when 39658538 is divided by 305.
303
Calculate the remainder when 100832597 is divided by 4801551.
26
What is the remainder when 363180 is divided by 1931?
152
Calculate the remainder when 406314 is divided by 320.
234
What is the remainder when 2385797 is divided by 1067?
1052
What is the remainder when 1436509 is divided by 1231?
1163
What is the remainder when 385430 is divided by 1676?
1626
Calculate the remainder when 12933908 is divided by 3377.
3375
What is the remainder when 146839 is divided by 100?
39
Calculate the remainder when 1251306 is divided by 625648.
10
What is the remainder when 5038024 is divided by 6893?
6134
Calculate the remainder when 86629 is divided by 1317.
1024
Calculate the remainder when 5696755 is divided by 923.
922
Calculate the remainder when 2355819 is divided by 188.
179
What is the remainder when 496168 is divided by 1901?
7
Calculate the remainder when 12724308 is divided by 2544857.
23
Calculate the remainder when 580254 is divided by 15672.
390
Calculate the remainder when 94157 is divided by 15.
2
What is the remainder when 100720192 is divided by 200?
192
Calculate the remainder when 4047964 is divided by 1407.
25
Calculate the remainder when 7618433 is divided by 2661.
2651
What is the remainder when 45665018 is divided by 1263?
1253
What is the remainder when 424245 is divided by 84846?
15
What is the remainder when 2030050 is divided by 78027?
1348
What is the remainder when 107873396 is divided by 3309?
3305
Calculate the remainder when 15416710 is divided by 14222.
62
Calculate the remainder when 12805263 is divided by 15354.
27
Calculate the remainder when 14055978 is divided by 1567.
1555
What is the remainder when 3268255 is divided by 1634074?
107
What is the remainder when 17811363 is divided by 325?
63
What is the remainder when 888264 is divided by 59217?
9
What is the remainder when 250380 is divided by 50057?
95
What is the remainder when 17325204 is divided by 639?
636
Calculate the remainder when 1272821 is divided by 176.
165
What is the remainder when 353264 is divided by 230?
214
Calculate the remainder when 828726 is divided by 305.
41
Calculate the remainder when 29929814 is divided by 15.
14
Calculate the remainder when 3529859 is divided by 6193.
6042
What is the remainder when 23839 is divided by 15513?
8326
What is the remainder when 2399003 is divided by 2123?
13
What is the remainder when 107224828 is divided by 5?
3
Calculate the remainder when 3142032 is divided by 58.
56
What is the remainder when 856972 is divided by 128?
12
Calculate the remainder when 61000240 is divided by 1906257.
16
What is the remainder when 161805 is divided by 689?
579
What is the remainder when 39891 is divided by 1100?
291
What is the remainder when 104087 is divided by 118?
11
Calculate the remainder when 785594 is divided by 14028.
26
Calculate the remainder when 212901 is divided by 1496.
469
What is the remainder when 2183164 is divided by 1091487?
190
Calculate the remainder when 891477 is divided by 1361.
22
What is the remainder when 41540366 is divided by 51?
50
What is the remainder when 4372488 is divided by 145747?
78
Calculate the remainder when 26082020 is divided by 179876.
0
Calculate the remainder when 6150441 is divided by 596.
317
What is the remainder when 9250992 is divided by 5148?
36
What is the remainder when 12245255 is divided by 24?
23
What is the remainder when 230403 is divided by 8206?
635
What is the remainder when 6030788 is divided by 151?
150
What is the remainder when 326580 is divided by 19210?
10
Calculate the remainder when 5985006 is divided by 142.
132
What is the remainder when 23535024 is divided by 881?
871
What is the remainder when 47944247 is divided by 3688018?
13
What is the remainder when 34393 is divided by 8050?
2193
Calculate the remainder when 1282627 is divided by 213771.
1
What is the remainder when 2801 is divided by 705?
686
Calculate the remainder when 345768 is divided by 682.
676
What is the remainder when 48292299 is divided by 95?
94
What is the remainder when 52836839 is divided by 18?
17
What is the remainder when 365498 is divided by 9393?
8564
Calculate the remainder when 267876 is divided by 5251.
75
Calculate the remainder when 909345 is divided by 10.
5
What is the remainder when 77892 is divided by 4091?
163
What is the remainder when 1864301 is divided by 736?
13
What is the remainder when 208876 is divided by 5645?
11
Calculate the remainder when 194633733 is divided by 5724521.
19
What is the remainder when 1999724 is divided by 399944?
4
What is the remainder when 251573 is divided by 2746?
1687
Calculate the remainder when 107139928 is divided by 15.
13
Calculate the remainder when 1302789 is divided by 66.
15
Calculate the remainder when 13334850 is divided by 1333483.
20
What is the remainder when 150651 is divided by 13672?
259
What is the remainder when 19199 is divided by 848?
543
Calculate the remainder when 3446045 is divided by 1148649.
98
What is the remainder when 13691814 is divided by 61?
59
Calculate the remainder when 411408148 is divided by 75.
73
What is the remainder when 8472504 is divided by 4236244?
16
Calculate the remainder when 1069633474 is divided by 305.
304
What is the remainder when 2467599 is divided by 35?
29
Calculate the remainder when 26533107 is divided by 11.
7
Calculate the remainder when 58188626 is divided by 147.
146
What is the remainder when 141666115 is divided by 17?
15
Calculate the remainder when 4217915 is divided by 416.
91
What is the remainder when 27137 is divided by 12960?
1217
Calculate the remainder when 7928520 is divided by 1434.
1368
Calculate the remainder when 4890839 is divided by 1008.
23
Calculate the remainder when 3240648 is divided by 849.
15
Calculate the remainder when 2648098 is divided by 27.
19
Calculate the remainder when 1140917 is divided by 190132.
125
Calculate the remainder when 2265137 is divided by 27.
26
What is the remainder when 103955 is divided by 3247?
51
What is the remainder when 586611 is divided by 1856?
115
Calculate the remainder when 8492849 is divided by 675.
674
What is the remainder when 242112 is divided by 80659?
135
What is the remainder when 245874 is divided by 59688?
7122
Calculate the remainder when 17958 is divided by 1050.
108
Calculate the remainder when 1087218325 is divided by 46.
45
What is the remainder when 408318 is divided by 101940?
558
Calculate the remainder when 578509757 is divided by 64.
61
Calculate the remainder when 100010 is divided by 2696.
258
Calculate the remainder when 1247498 is divided by 743.
1
What is the remainder when 167909 is divided by 167872?
37
What is the remainder when 456609 is divided by 114135?
69
Calculate the remainder when 13839 is divided by 11965.
1874
What is the remainder when 128067 is divided by 10667?
63
Calculate the remainder when 7559857 is divided by 3779919.
19
What is the remainder when 56279749 is divided by 8039962?
15
What is the remainder when 24454218 is divided by 87?
84
Calculate the remainder when 9144342 is divided by 3324.
18
Calculate the remainder when 123720 is divided by 1527.
33
Calculate the remainder when 22135917 is divided by 4.
1
Calculate the remainder when 900549 is divided by 60.
9
What is the remainder when 278489 is divided by 131?
114
What is the remainder when 30150425 is divided by 26?
19
Calculate the remainder when 160933715 is divided by 1770.
5
Calculate the remainder when 3352298 is divided by 1205.
1193
Calculate the remainder when 497910 is divided by 5867.
5082
Calculate the remainder when 131089 is divided by 6190.
1099
What is the remainder when 1188926 is divided by 96?
62
Calculate the remainder when 929017 is divided by 606.
19
Calculate the remainder when 190849 is divided by 258.
187
Calculate the remainder when 534777 is divided by 1527.
327
Calculate the remainder when 2386660 is divided by 1050.
10
Calculate the remainder when 4105287 is divided by 173.
170
Calculate the remainder when 383636 is divided by 515.
476
What is the remainder when 656492 is divided by 203?
193
What is the remainder when 7052698 is divided by 31?
12
What is the remainder when 19325811 is divided